33
What is the remainder when 2029 is divided by 55?
49
Calculate the remainder when 592 is divided by 101.
87
Calculate the remainder when 55 is divided by 32.
23
Calculate the remainder when 468 is divided by 159.
150
Calculate the remainder when 121 is divided by 96.
25
What is the remainder when 110 is divided by 28?
26
What is the remainder when 993 is divided by 115?
73
Calculate the remainder when 451 is divided by 31.
17
What is the remainder when 626 is divided by 308?
10
Calculate the remainder when 55 is divided by 22.
11
What is the remainder when 1667 is divided by 545?
32
Calculate the remainder when 572 is divided by 12.
8
Calculate the remainder when 566 is divided by 81.
80
Calculate the remainder when 381 is divided by 16.
13
What is the remainder when 120 is divided by 28?
8
Calculate the remainder when 711 is divided by 17.
14
Calculate the remainder when 373 is divided by 25.
23
Calculate the remainder when 413 is divided by 8.
5
What is the remainder when 195 is divided by 115?
80
What is the remainder when 758 is divided by 76?
74
Calculate the remainder when 38 is divided by 8.
6
What is the remainder when 771 is divided by 262?
247
What is the remainder when 123 is divided by 63?
60
Calculate the remainder when 804 is divided by 164.
148
What is the remainder when 78 is divided by 62?
16
Calculate the remainder when 214 is divided by 136.
78
What is the remainder when 641 is divided by 34?
29
Calculate the remainder when 2857 is divided by 10.
7
What is the remainder when 732 is divided by 46?
42
What is the remainder when 304 is divided by 27?
7
Calculate the remainder when 162 is divided by 61.
40
Calculate the remainder when 223 is divided by 3.
1
Calculate the remainder when 352 is divided by 165.
22
What is the remainder when 1703 is divided by 16?
7
What is the remainder when 74 is divided by 19?
17
Calculate the remainder when 252 is divided by 16.
12
Calculate the remainder when 942 is divided by 158.
152
Calculate the remainder when 287 is divided by 143.
1
Calculate the remainder when 151 is divided by 82.
69
What is the remainder when 373 is divided by 34?
33
What is the remainder when 375 is divided by 13?
11
What is the remainder when 472 is divided by 100?
72
What is the remainder when 664 is divided by 35?
34
What is the remainder when 129 is divided by 9?
3
What is the remainder when 209 is divided by 31?
23
What is the remainder when 825 is divided by 11?
0
What is the remainder when 130 is divided by 60?
10
Calculate the remainder when 329 is divided by 89.
62
What is the remainder when 850 is divided by 37?
36
What is the remainder when 117 is divided by 12?
9
What is the remainder when 133 is divided by 36?
25
Calculate the remainder when 224 is divided by 169.
55
What is the remainder when 1455 is divided by 54?
51
Calculate the remainder when 889 is divided by 10.
9
What is the remainder when 796 is divided by 43?
22
Calculate the remainder when 86 is divided by 11.
9
Calculate the remainder when 12532 is divided by 63.
58
Calculate the remainder when 163 is divided by 42.
37
What is the remainder when 7114 is divided by 5?
4
Calculate the remainder when 203 is divided by 52.
47
What is the remainder when 399 is divided by 51?
42
Calculate the remainder when 97 is divided by 49.
48
What is the remainder when 423 is divided by 43?
36
What is the remainder when 342 is divided by 118?
106
Calculate the remainder when 2558 is divided by 100.
58
Calculate the remainder when 99 is divided by 22.
11
Calculate the remainder when 305 is divided by 178.
127
Calculate the remainder when 84 is divided by 46.
38
Calculate the remainder when 223 is divided by 30.
13
What is the remainder when 67 is divided by 23?
21
What is the remainder when 614 is divided by 15?
14
Calculate the remainder when 7753 is divided by 15.
13
Calculate the remainder when 38 is divided by 15.
8
What is the remainder when 926 is divided by 62?
58
What is the remainder when 100 is divided by 40?
20
What is the remainder when 1469 is divided by 32?
29
Calculate the remainder when 592 is divided by 33.
31
What is the remainder when 2021 is divided by 17?
15
What is the remainder when 867 is divided by 34?
17
Calculate the remainder when 24 is divided by 11.
2
Calculate the remainder when 176 is divided by 82.
12
Calculate the remainder when 448 is divided by 77.
63
Calculate the remainder when 156 is divided by 83.
73
Calculate the remainder when 120 is divided by 26.
16
What is the remainder when 228 is divided by 130?
98
What is the remainder when 1013 is divided by 17?
10
Calculate the remainder when 306 is divided by 22.
20
Calculate the remainder when 121 is divided by 62.
59
What is the remainder when 479 is divided by 48?
47
What is the remainder when 550 is divided by 19?
18
What is the remainder when 12204 is divided by 13?
10
Calculate the remainder when 168 is divided by 53.
9
Calculate the remainder when 810 is divided by 58.
56
What is the remainder when 2326 is divided by 54?
4
What is the remainder when 637 is divided by 8?
5
What is the remainder when 1895 is divided by 68?
59
What is the remainder when 604 is divided by 100?
4
What is the remainder when 14517 is divided by 110?
107
What is the remainder when 145 is divided by 41?
22
Calculate the remainder when 87 is divided by 7.
3
Calculate the remainder when 121 is divided by 36.
13
Calculate the remainder when 12 is divided by 8.
4
Calculate the remainder when 228 is divided by 10.
8
Calculate the remainder when 9 is divided by 4.
1
Calculate the remainder when 23 is divided by 21.
2
What is the remainder when 505 is divided by 23?
22
What is the remainder when 324 is divided by 7?
2
What is the remainder when 91 is divided by 25?
16
Calculate the remainder when 1730 is divided by 36.
2
Calculate the remainder when 276 is divided by 22.
12
What is the remainder when 18 is divided by 17?
1
Calculate the remainder when 88 is divided by 9.
7
Calculate the remainder when 23 is divided by 21.
2
Calculate the remainder when 1893 is divided by 5.
3
Calculate the remainder when 699 is divided by 8.
3
Calculate the remainder when 1805 is divided by 13.
11
What is the remainder when 2259 is divided by 4?
3
What is the remainder when 216 is divided by 32?
24
Calculate the remainder when 139 is divided by 97.
42
What is the remainder when 108 is divided by 2?
0
Calculate the remainder when 2633 is divided by 2621.
12
Calculate the remainder when 356 is divided by 130.
96
What is the remainder when 128 is divided by 43?
42
Calculate the remainder when 159 is divided by 28.
19
Calculate the remainder when 23 is divided by 12.
11
Calculate the remainder when 119 is divided by 18.
11
Calculate the remainder when 210 is divided by 182.
28
Calculate the remainder when 1587 is divided by 140.
47
Calculate the remainder when 94 is divided by 30.
4
Calculate the remainder when 954 is divided by 274.
132
What is the remainder when 47 is divided by 14?
5
What is the remainder when 446 is divided by 171?
104
Calculate the remainder when 401 is divided by 37.
31
Calculate the remainder when 370 is divided by 3.
1
Calculate the remainder when 709 is divided by 12.
1
Calculate the remainder when 36 is divided by 25.
11
Calculate the remainder when 166 is divided by 13.
10
What is the remainder when 16832 is divided by 138?
134
Calculate the remainder when 430 is divided by 8.
6
What is the remainder when 13 is divided by 3?
1
Calculate the remainder when 238 is divided by 13.
4
Calculate the remainder when 637 is divided by 9.
7
What is the remainder when 76 is divided by 9?
4
Calculate the remainder when 182 is divided by 54.
20
Calculate the remainder when 633 is divided by 79.
1
Calculate the remainder when 767 is divided by 110.
107
What is the remainder when 550 is divided by 46?
44
What is the remainder when 572 is divided by 82?
80
What is the remainder when 560 is divided by 69?
8
Calculate the remainder when 7833 is divided by 2.
1
What is the remainder when 43 is divided by 23?
20
What is the remainder when 204 is divided by 18?
6
What is the remainder when 367 is divided by 301?
66
What is the remainder when 3422 is divided by 32?
30
What is the remainder when 4478 is divided b